ivide 16847?
False
Does 32 divide 544?
True
Does 25 divide 225?
True
Is 15 a factor of 10680?
True
Does 6 divide 3366?
True
Does 10 divide 2680?
True
Is 9 a factor of 12391?
False
Does 19 divide 111682?
True
Does 15 divide 3066?
False
Does 9 divide 19916?
False
Is 16 a factor of 192?
True
Is 107734 a multiple of 16?
False
Is 804 a multiple of 2?
True
Is 217 a factor of 26504?
False
Is 735 a multiple of 5?
True
Is 13 a factor of 1307?
False
Is 85 a factor of 404?
False
Is 2170 a multiple of 38?
False
Is 858 a multiple of 13?
True
Does 19 divide 444?
False
Does 27 divide 324?
True
Is 1066 a multiple of 11?
False
Is 1675 a multiple of 5?
True
Is 6045 a multiple of 155?
True
Does 15 divide 1437?
False
Is 12 a factor of 70?
False
Is 972 a multiple of 10?
False
Does 8 divide 15064?
True
Is 5 a factor of 3886?
False
Does 29 divide 180009?
False
Is 86 a factor of 7998?
True
Is 64 a factor of 19505?
False
Does 12 divide 23190?
False
Does 8 divide 6264?
True
Is 49 a factor of 26764?
False
Is 36 a factor of 475?
False
Is 4284 a multiple of 36?
True
Is 9 a factor of 79?
False
Does 14 divide 2245?
False
Is 570 a multiple of 114?
True
Is 1044 a multiple of 3?
True
Is 554 a multiple of 11?
False
Is 6 a factor of 15426?
True
Is 50 a factor of 16150?
True
Does 60 divide 42051?
False
Is 124 a factor of 5793?
False
Does 43 divide 462?
False
Is 24 a factor of 10656?
True
Does 40 divide 3554?
False
Is 18 a factor of 4302?
True
Does 11 divide 473?
True
Is 24750 a multiple of 125?
True
Is 62 a factor of 828?
False
Does 42 divide 43302?
True
Is 2680 a multiple of 79?
False
Does 19 divide 3021?
True
Is 26444 a multiple of 22?
True
Is 10 a factor of 853?
False
Does 23 divide 28434?
False
Is 37 a factor of 407?
True
Does 54 divide 24516?
True
Is 7 a factor of 1621?
False
Is 40872 a multiple of 33?
False
Is 34720 a multiple of 56?
True
Does 14 divide 753?
False
Is 3 a factor of 66?
True
Is 18525 a multiple of 75?
True
Is 4 a factor of 168?
True
Is 2949 a multiple of 49?
False
Is 41 a factor of 4223?
True
Is 14 a factor of 306?
False
Does 14 divide 12706?
False
Does 22 divide 264?
True
Does 44 divide 55572?
True
Does 3 divide 338?
False
Is 2 a factor of 1701?
False
Does 6 divide 102?
True
Does 3 divide 370?
False
Does 26 divide 702?
True
Does 37 divide 2019?
False
Is 3954 a multiple of 21?
False
Does 10 divide 5010?
True
Is 251 a multiple of 11?
False
Is 3852 a multiple of 14?
False
Is 3885 a multiple of 9?
False
Is 7193 a multiple of 9?
False
Is 14 a factor of 1716?
False
Is 9675 a multiple of 75?
True
Is 270 a factor of 90076?
False
Is 59 a factor of 21771?
True
Is 108849 a multiple of 19?
False
Is 1529 even?
False
Is 6 a factor of 365?
False
Is 4 a factor of 258?
False
Does 106 divide 56271?
False
Is 64 a factor of 4096?
True
Does 90 divide 7483?
False
Is 35 a factor of 630?
True
Is 10 a factor of 4198?
False
Is 18 a factor of 3133?
False
Does 7 divide 32828?
False
Is 81235 a multiple of 77?
True
Does 23 divide 58332?
False
Is 51 a factor of 1828?
False
Does 83 divide 14691?
True
Is 4 a factor of 28?
True
Is 1282 a multiple of 10?
False
Is 395 a multiple of 3?
False
Is 392 a multiple of 5?
False
Does 25 divide 24768?
False
Is 10484 a multiple of 18?
False
Is 3834 a multiple of 6?
True
Is 350 a multiple of 25?
True
Is 31 a factor of 875?
False
Does 32 divide 22560?
True
Does 23 divide 1073?
False
Is 43652 a multiple of 14?
True
Is 3741 a multiple of 129?
True
Is 30 a factor of 7627?
False
Is 210 a multiple of 42?
True
Is 33470 a multiple of 142?
False
Is 9 a factor of 9641?
False
Is 4520 a multiple of 40?
True
Is 11 a factor of 312?
False
Is 6038 a multiple of 7?
False
Is 59648 a multiple of 22?
False
Does 157 divide 63585?
True
Does 6 divide 231?
False
Is 113 a factor of 1130?
True
Does 3 divide 864?
True
Is 293 a multiple of 40?
False
Does 36 divide 108?
True
Is 33 a factor of 1518?
True
Is 494 a multiple of 44?
False
Is 2909 a multiple of 12?
False
Is 876 a multiple of 6?
True
Is 2 a factor of 32?
True
Is 16 a factor of 1974?
False
Is 10 a factor of 13858?
False
Does 34 divide 1666?
True
Is 48 a factor of 1968?
True
Is 7041 a multiple of 15?
False
Is 22181 a multiple of 40?
False
Is 2 a factor of 5375?
False
Is 5 a factor of 60?
True
Does 18 divide 80704?
False
Is 226 a factor of 40514?
False
Is 30 a factor of 16506?
False
Is 1291 a multiple of 60?
False
Is 39 a factor of 10218?
True
Is 12785 a multiple of 61?
False
Does 11 divide 3058?
True
Does 55 divide 24505?
False
Does 75 divide 2263?
False
Does 13 divide 22321?
True
Is 2 a factor of 54?
True
Is 9 a factor of 5355?
True
Is 22 a factor of 4774?
True
Is 1267 a multiple of 47?
False
Is 1444 a multiple of 7?
False
Is 12831 a multiple of 60?
False
Does 17 divide 172?
False
Is 909 a multiple of 18?
False
Is 39072 a multiple of 7?
False
Is 95 a factor of 33791?
False
Is 486 a multiple of 27?
True
Is 37 a factor of 23865?
True
Does 56 divide 34664?
True
Is 60 a factor of 2396?
False
Is 125 a factor of 64151?
False
Does 4 divide 6907?
False
Is 4942 a multiple of 3?
False
Is 15 a factor of 30?
True
Is 31 a factor of 496?
True
Is 33 a factor of 10164?
True
Is 37066 a multiple of 12?
False
Is 385 a multiple of 5?
True
Does 51 divide 7650?
True
Does 73 divide 21784?
False
Is 110 a factor of 2336?
False
Is 481 a multiple of 47?
False
Is 58 even?
True
Does 179 divide 70764?
False
Is 38 a factor of 35519?
False
Is 18375 a multiple of 175?
True
Does 9 divide 3204?
True
Does 15 divide 3855?
True
Does 63 divide 941?
False
Is 9712 a multiple of 16?
True
Does 31 divide 1866?
False
Does 9 divide 6992?
False
Is 7920 a multiple of 120?
True
Is 246 a multiple of 6?
True
Does 20 divide 356?
False
Is 90 a factor of 15300?
True
Is 1057 a multiple of 2?
False
Is 12374 a multiple of 16?
False
Does 136 divide 1153?
False
Does 23 divide 46?
True
Does 71 divide 973?
False
Is 19 a factor of 2375?
True
Does 2 divide 7?
False
Is 19 a factor of 3059?
True
Is 19 a factor of 33839?
True
Does 17 divide 1283?
False
Does 22 divide 173?
False
Does 6 divide 84?
True
Is 1004 a multiple of 20?
False
Does 30 divide 35580?
True
Does 42 divide 450?
False
Is 174 a multiple of 7?
False
Does 22 divide 879?
False
Is 5 a factor of 101?
False
Does 73 divide 16113?
False
Does 35 divide 6440?
True
Is 109719 a multiple of 73?
True
Is 36 a factor of 13536?
True
Does 25 divide 3844?
False
Does 6 divide 2403?
False
Is 44 a factor of 3179?
False
Is 1880 a multiple of 47?
True
Does 15 divide 1515?
True
Is 28520 a multiple of 304?
False
Does 114 divide 34038?
False
Is 20384 a multiple of 104?
True
Does 35 divide 80?
False
Does 45 divide 1350?
True
Is 12024 a multiple of 6?
True
Is 300 a factor of 4905?
False
Is 1955 a multiple of 17?
True
Is 5278 a multiple of 63?
False
Does 167 divide 15280?
False
Is 31 a factor of 12305?
False
Is 14 a factor of 896?
True
Is 483 a multiple of 21?
True
Is 12 a factor of 4020?
True
Is 15 a factor of 515?
False
Does 31 divide 2015?
True
Does 13 divide 1742?
True
Is 8 a factor of 20163?
False
Is 5265 a multiple of 15?
True
Is 328 a multiple of 9?
False
Does 15 divide 27786?
False
Does 18 divide 4395?
False
Does 7 divide 2030?
True
Is 2081 a multiple of 4?
False
Is 6 a factor of 1044?
True
Is 37 a factor of 1887?
True
Is 5450 a multiple of 10?
True
Is 2940 a multiple of 49?
True
Is 285 a multiple of 36?
False
Does 8 divide 56?
True
Is 19256 a multiple of 58?
True
Is 5 a factor of 1668?
False
Is 9 a factor of 180?
True
Is 4560 a multiple of 6?
True
Does 85 divide 2890?
True
Does 27 divide 81?
True
Does 24 divide 683?
False
Is 21 a factor of 557?
False
Does 12 divide 2892?
True
Is 87 a factor of 2523?
True
Is 107 a factor of 29960?
True
Does 239 divide 28202?
True
Is 3348 a multiple of 186?
True
Is 13516 a multiple of 218?
True
Is 145 a multiple of 29?
True
Is 1800 a multiple of 36?
True
Does 14 divide 700?
True
Is 754 a multiple of 29?
True
Does 81 divide 2997?
True
Is 2 a factor of 296?
True
Is 12 a factor of 1551?
False
Is 1870 a multiple of 10?
True
Is 21 a factor of 2457?
True
Does 102 divide 102?
True
Is 77691 a multiple of 29?
True
Is 285 a multiple of 15?
True
Is 7 a factor of 16445?
False
Is 1173 a multiple of 58?
False
Is 9 a factor of 114?
False
Is 15 a factor of 1530?
True
Is 23480 a multiple of 85?
False
Is 9 a factor of 12507?
F